?
14
Suppose 84*y - 23824 = 116. What is the highest common divisor of y and 45?
15
Suppose 4309 = n + 3948. Calculate the greatest common factor of 133 and n.
19
Let h be 3/(-1 - (-12)/9). Let i be 6/h - (-26)/6. Let n = -286 + 321. Calculate the greatest common divisor of i and n.
5
Let y be (-4)/(-3)*2952/48. Let z = y - 86. Let p be (z*(-66)/72)/(2/6). What is the greatest common factor of 22 and p?
11
Suppose 4*w + 2*z - 56 = 0, 4*w + z - 5*z - 32 = 0. Suppose 30*l + 30443 = 31763. What is the greatest common divisor of l and w?
4
Let a = 13940 - 13845. Calculate the highest common factor of a and 361.
19
Suppose f = 4*w - 1137, -2*w + 3*f = w - 846. Let d = w - 255. Calculate the highest common factor of 24 and d.
6
Suppose p = 58*q - 59*q + 49, 5*q = -3*p + 137. Calculate the highest common factor of p and 10197.
9
Let r = 6874 - 6786. Calculate the greatest common factor of 649 and r.
11
Let l be 45/(14/4 + -2). Suppose 0*b + 9*b - 4995 = 0. Let i = b - 345. Calculate the greatest common factor of i and l.
30
Let t(y) = -3*y - 2. Let s be t(3). Let c = s - -17. Let q be 111/13 + (-180)/(-390). Calculate the highest common factor of c and q.
3
Suppose -b - 6*b + 378 = 0. Let g = -31 + b. Let y = g + -5. What is the greatest common factor of 27 and y?
9
Let w = 5 - 4. Let x = -89 - -31. Let b = x + 61. What is the greatest common divisor of w and b?
1
Let u = -74 - -77. Let p be (-56)/u*567/(-28). Suppose 8*i - 2*i - p = 0. What is the greatest common divisor of i and 7?
7
Suppose 3*s - 19*z - 69 = -17*z, -3*s = 4*z - 105. What is the greatest common divisor of 468 and s?
9
Let s(z) = 16*z + 234. Suppose 35*l + 396 = 2*l. Let v be s(l). What is the highest common factor of 168 and v?
42
Suppose 0 = x - 2, -22*x - 966 = -8*a - 17*x. What is the highest common divisor of 3233 and a?
61
Suppose 17*d - 3 = 16*d. Let g be d + 10/30 + 4/6. Suppose 2*b - 212 = -2*b - 4*i, -g*b = -5*i - 194. What is the greatest common factor of 34 and b?
17
Let u(o) = -2*o**3 + o**2 + 12*o + 71. Suppose -50*y = -53*y - 15. Let m be u(y). What is the greatest common factor of m and 66?
22
Let v = -739 - -1446. Let s = -78901 + 78908. Calculate the highest common divisor of v and s.
7
Let w = 41 + -15. Suppose -10*q - 11 = -51. Suppose -68 = -4*g + 4*b + 876, -q*g = b - 934. Calculate the greatest common factor of g and w.
26
Let h = 9 + -10. Let f be ((-9)/h)/(-3) + 103. Let x = 122 - f. What is the greatest common factor of x and 154?
22
Let s = 62687 + -62654. Suppose -202 = -3*l + z, -5*l + 4*z = -101 - 245. Calculate the highest common divisor of l and s.
33
Let d(i) = -190*i. Let y be d(-2). Suppose 124 - y = -4*x. Let p(k) = 9*k + 61. Let w be p(-5). What is the greatest common factor of x and w?
16
Let l be (10 + -8)*((-6)/12 - -8). Let u(p) = -6*p**2 + p**3 + 3 - p**3 - p**3. Let x be u(-6). What is the greatest common factor of l and x?
3
Suppose y + 7 - 11 = 0. Suppose 168 = y*m - 52. What is the greatest common factor of 33 and m?
11
Let a = 1413 - 1411. Calculate the greatest common factor of a and 1270.
2
Let a(q) = -q**3 + q**2 - 13*q + 26. Let k be a(0). What is the highest common factor of k and 28691?
13
Let n(a) = -6*a**2 + 97 + 8*a**3 + 4*a**3 - 13*a**3 + 3*a. Let p be n(-12). Calculate the greatest common factor of p and 25.
25
Suppose 0 = -f + 2, -s + 5*f + 913 + 4897 = 0. Calculate the greatest common divisor of 24 and s.
12
Let r = 428 + -429. Let h be 129 + (-8)/16 + r/2. Calculate the greatest common divisor of h and 48.
16
Let v(q) = q**2 + 5*q + 1. Let s be v(-6). Let o(x) = -x**3 + 9*x**2 - 8*x - 3. Let a be o(s). Let r = 393 + -120. What is the highest common factor of a and r?
39
Suppose -4*p + 22*o - 30200 = -8*p + 17*o, 0 = o. Calculate the greatest common divisor of p and 25.
25
Let w be -2*((-1)/(-5) - (-554)/(-20)). Let k(n) = -6*n + 2. Let q be k(-2). Suppose 3*i - 52 = q. What is the greatest common divisor of w and i?
11
Let m = -2020 - -6546. Suppose m - 1566 = 20*z. What is the highest common divisor of 259 and z?
37
Suppose 23508 = -24*d + 27*d - 42162. What is the highest common divisor of d and 44?
22
Let d = -2028 + 2772. What is the greatest common factor of 2 and d?
2
Suppose -8*m + 4980 = 1644. Let y = -382 + m. Calculate the highest common divisor of y and 10.
5
Suppose 3*b = -2*b + 55. Suppose b*m = m + 160. Let t be m/4 + 6 + 4. Calculate the greatest common factor of t and 98.
14
Let c(i) be the first derivative of 2*i**3 + 6*i**2 + 46*i - 5. Let o be c(-6). What is the greatest common divisor of 19 and o?
19
Let v be ((-35)/(-25))/(1/10). Let g(k) = -2*k**3 + 39*k**2 - 14*k + 19. Let x be g(19). Let f = x - v. What is the greatest common factor of f and 60?
20
Let a(m) = -8*m + 336. Let v be a(30). Calculate the greatest common divisor of 6144 and v.
96
Let n = -24172 - -24192. Calculate the highest common divisor of n and 15590.
10
Suppose -1133 + 152 - 1977 = -58*v. What is the highest common divisor of 2023 and v?
17
Let k(x) = -2*x**3 - 18*x**2 - 14*x - 26. Let j be k(-16). What is the greatest common factor of j and 93?
31
Let l(f) = f**2 - 72*f - 525. Let h be l(-7). Calculate the greatest common factor of h and 8.
4
Let h be 0 - (-322 + 40/(-5)). Let o = 343 - 145. Calculate the greatest common factor of o and h.
66
Suppose 80032 = 62*m + 102*m. Suppose 0 = 5*o + 179 - 484. What is the greatest common factor of m and o?
61
Let j be (-22137)/(-33) - (-162)/891. Calculate the greatest common divisor of 732 and j.
61
Suppose -10 = 5*v - 125 - 160. What is the highest common divisor of v and 710?
5
Let a be 0/(-1) + 530/(-2). Let m be a/(-3) - 1/3. Suppose -5*w + 3*p = -1, -3*w - 17*p - 57 = -22*p. What is the highest common factor of w and m?
11
Let u(d) = -d**3 + 6*d**2 - 7*d + 10. Let x be u(5). Let b be 611 + (x/7)/(-7). Calculate the highest common factor of b and 47.
47
Let m(p) = 5*p**3 + 6*p**2 + 6*p - 13. Let d be m(2). What is the greatest common factor of d and 1169?
7
Let y(i) = 20*i + 2268. Let b be y(-42). Calculate the highest common factor of b and 1190.
238
Let o = 79 - 41. Let c(f) = -f**2 + 15*f - 22. Let z be c(16). Let l = z + 95. What is the greatest common factor of l and o?
19
Let q(x) = -9*x + 2*x**2 - 8 - 2*x**2 - 4*x**2 + 5*x**2. Let p be q(12). Let r be (-7)/((-4)/160*8). What is the highest common divisor of p and r?
7
Suppose -2*u - 3*u + 4*k = -264, 210 = 4*u - 2*k. Let t be (3/9)/(4/84). Suppose -10*v + t*v + 312 = 0. Calculate the greatest common factor of v and u.
52
Let i be (-3 - -111) + (2 - 0). Let p be -2*1*770/(-44). Suppose n - 9 = p. Calculate the highest common factor of n and i.
22
Let t(p) = 8*p**2 + 2*p + 66. Let b be t(-5). What is the highest common divisor of 56 and b?
8
Suppose 0 = -125*n + 668*n - 73578 - 21447. Calculate the highest common factor of 8150 and n.
25
Let v(d) = -d**3 + 52*d**2 + 10*d + 2671. Let j be v(53). Calculate the highest common divisor of j and 98.
98
Let m = -202 - -201. Let u be 12*m*6/(-18) + 196. What is the highest common factor of u and 320?
40
Suppose 4*w + 12 = -5*v, -4*w + 3*v = 6*v + 4. Let t = 17 + -12. Let q be 8/14*(6 - t/w). Calculate the greatest common factor of q and 8.
2
Let q(t) = -14*t - 52. Let s be q(-4). Suppose 3*u = i + 309, s*i - 287 = 4*u - 691. What is the greatest common divisor of u and 13?
13
Let w be (1530/(-105))/(-3 - (-156)/56). What is the highest common factor of 4233 and w?
17
Let z be 50/100*(-16)/(-4). Let g(s) = 6*s - 4. Let c be g(6). Calculate the greatest common factor of z and c.
2
Let f = 46 - 45. Suppose f = -u, 16 + 9 = w - 5*u. Suppose 0 = -i + w + 97. Calculate the greatest common divisor of i and 9.
9
Let z be 6/(-9)*(-4)/(-8)*9. Let g be (60/(-6)*z)/2. Calculate the highest common divisor of g and 465.
15
Let r(z) = z - 13. Let t be r(9). Let y = -16 + 28. Let f be (4 + -6)/t*y. Calculate the highest common factor of f and 9.
3
Let n = 2 + -3. Let h be (n/2)/(1/(-34)). Let i(g) = 239*g + 1929. Let r be i(-8). What is the highest common factor of r and h?
17
Suppose 26*l - 27*l + 5*m = -118, 4*l + m = 577. Let j be 400/18 + 4/(-18). What is the highest common divisor of l and j?
11
Suppose -w = -2*y - 19 + 4, -2*y - 36 = -4*w. Suppose -11*p + 1568 = -w*p. Calculate the highest com